{"id":637,"date":"2019-12-13T10:20:31","date_gmt":"2019-12-13T10:20:31","guid":{"rendered":"https:\/\/uzene.ba\/?page_id=637"},"modified":"2020-06-13T17:29:14","modified_gmt":"2020-06-13T17:29:14","slug":"medureligijski-koncert-djecjih-horova","status":"publish","type":"page","link":"https:\/\/uzene.ba\/en\/medureligijski-koncert-djecjih-horova\/","title":{"rendered":"Me\u0111ureligijski koncert dje\u010djih horova"},"content":{"rendered":"<p>[et_pb_section fb_built=&#8221;1&#8221; _builder_version=&#8221;3.29.3&#8221; fb_built=&#8221;1&#8221; _i=&#8221;0&#8221; _address=&#8221;0&#8221;][et_pb_row _builder_version=&#8221;3.29.3&#8221; _i=&#8221;0&#8221; _address=&#8221;0.0&#8221;][et_pb_column type=&#8221;4_4&#8221; _builder_version=&#8221;3.29.3&#8221; _i=&#8221;0&#8221; _address=&#8221;0.0.0&#8221;][et_pb_text admin_label=&#8221;Text&#8221; _builder_version=&#8221;3.29.3&#8221; hover_enabled=&#8221;0&#8221; _i=&#8221;0&#8221; _address=&#8221;0.0.0.0&#8221;]<\/p>\n<h1>Me\u0111ureligijski koncert dje\u010djih horova<\/h1>\n<p>Veliko zadovoljstvo je bilo prisustvovati Me\u0111ureligijskom koncertu dje\u010djih horova u <strong>Centru za zdravo starenje Op\u0107ina Centar<\/strong> koje je na\u0161e udru\u017eenje odr\u017ealo <strong>14.12.2019.<\/strong> godine. Pokrenuti promjene, pokazati i potvrditi da nas razli\u010ditosti oboga\u0107uju, u\u017eivati u dje\u010djim glasovima i prepustiti se pozitivnoj energiji bio je na\u0161 glavni cilj. I ovaj put smo na\u0161 cilj ostvarile.<\/p>\n<p>&nbsp;<\/p>\n<p>[\/et_pb_text][et_pb_image src=&#8221;https:\/\/uzene.ba\/wp-content\/uploads\/2019\/12\/0-02-05-f30a8ccf7d8ee2cf5eb93c442c82f2d46eea8ff622854b8af3bedc6956279335_207b9d21bf78d6.jpg&#8221; _builder_version=&#8221;3.29.3&#8221; _i=&#8221;1&#8221; _address=&#8221;0.0.0.1&#8221;][\/et_pb_image][\/et_pb_column][\/et_pb_row][et_pb_row _builder_version=&#8221;3.29.3&#8221;][et_pb_column _builder_version=&#8221;3.29.3&#8221; type=&#8221;4_4&#8221;][et_pb_gallery _builder_version=&#8221;3.29.3&#8221; gallery_ids=&#8221;1008,1007,1006,1005,1004,1003,1002,1001,1000,999,998&#8221; show_title_and_caption=&#8221;off&#8221; show_pagination=&#8221;off&#8221; posts_number=&#8221;11&#8221; custom_padding=&#8221;||||false|false&#8221; hover_enabled=&#8221;0&#8221;][\/et_pb_gallery][\/et_pb_column][\/et_pb_row][\/et_pb_section]<\/p>","protected":false},"excerpt":{"rendered":"<p>[et_pb_section fb_built=&#8221;1&#8221; _builder_version=&#8221;3.29.3&#8221; fb_built=&#8221;1&#8221; _i=&#8221;0&#8221; _address=&#8221;0&#8221;][et_pb_row _builder_version=&#8221;3.29.3&#8221; _i=&#8221;0&#8221; _address=&#8221;0.0&#8221;][et_pb_column type=&#8221;4_4&#8221; _builder_version=&#8221;3.29.3&#8221; _i=&#8221;0&#8221; _address=&#8221;0.0.0&#8221;][et_pb_text admin_label=&#8221;Text&#8221; _builder_version=&#8221;3.29.3&#8221; hover_enabled=&#8221;0&#8221; _i=&#8221;0&#8221; _address=&#8221;0.0.0.0&#8221;] Me\u0111ureligijski koncert dje\u010djih horova Veliko zadovoljstvo je bilo prisustvovati Me\u0111ureligijskom koncertu dje\u010djih horova u Centru za zdravo starenje Op\u0107ina Centar koje je na\u0161e udru\u017eenje odr\u017ealo 14.12.2019. godine. Pokrenuti promjene, pokazati i potvrditi da nas razli\u010ditosti oboga\u0107uju, u\u017eivati [&hellip;]<\/p>","protected":false},"author":1,"featured_media":0,"parent":0,"menu_order":0,"comment_status":"closed","ping_status":"closed","template":"","meta":{"_et_pb_use_builder":"on","_et_pb_old_content":"","_et_gb_content_width":""},"yoast_head":"<!-- This site is optimized with the Yoast SEO plugin v14.8 - https:\/\/yoast.com\/wordpress\/plugins\/seo\/ -->\n<title>Me\u0111ureligijski koncert dje\u010djih horova - Ujedinjene \u017eene<\/title>\n<meta name=\"robots\" content=\"index, follow\" \/>\n<meta name=\"googlebot\" content=\"index, follow, max-snippet:-1, max-image-preview:large, max-video-preview:-1\" \/>\n<meta name=\"bingbot\" content=\"index, follow, max-snippet:-1, max-image-preview:large, max-video-preview:-1\" \/>\n<link rel=\"canonical\" href=\"https:\/\/uzene.ba\/en\/medureligijski-koncert-djecjih-horova\/\" \/>\n<meta property=\"og:locale\" content=\"en_GB\" \/>\n<meta property=\"og:type\" content=\"article\" \/>\n<meta property=\"og:title\" content=\"Me\u0111ureligijski koncert dje\u010djih horova - Ujedinjene \u017eene\" \/>\n<meta property=\"og:description\" content=\"[et_pb_section fb_built=&#8221;1&#8221; _builder_version=&#8221;3.29.3&#8221; fb_built=&#8221;1&#8221; _i=&#8221;0&#8221; _address=&#8221;0&#8221;][et_pb_row _builder_version=&#8221;3.29.3&#8221; _i=&#8221;0&#8221; _address=&#8221;0.0&#8221;][et_pb_column type=&#8221;4_4&#8221; _builder_version=&#8221;3.29.3&#8221; _i=&#8221;0&#8221; _address=&#8221;0.0.0&#8221;][et_pb_text admin_label=&#8221;Text&#8221; _builder_version=&#8221;3.29.3&#8221; hover_enabled=&#8221;0&#8221; _i=&#8221;0&#8221; _address=&#8221;0.0.0.0&#8221;] Me\u0111ureligijski koncert dje\u010djih horova Veliko zadovoljstvo je bilo prisustvovati Me\u0111ureligijskom koncertu dje\u010djih horova u Centru za zdravo starenje Op\u0107ina Centar koje je na\u0161e udru\u017eenje odr\u017ealo 14.12.2019. godine. Pokrenuti promjene, pokazati i potvrditi da nas razli\u010ditosti oboga\u0107uju, u\u017eivati [&hellip;]\" \/>\n<meta property=\"og:url\" content=\"https:\/\/uzene.ba\/en\/medureligijski-koncert-djecjih-horova\/\" \/>\n<meta property=\"og:site_name\" content=\"Ujedinjene \u017eene\" \/>\n<meta property=\"article:publisher\" content=\"https:\/\/www.facebook.com\/ujedinjenezenebih\/\" \/>\n<meta property=\"article:modified_time\" content=\"2020-06-13T17:29:14+00:00\" \/>\n<script type=\"application\/ld+json\" class=\"yoast-schema-graph\">{\"@context\":\"https:\/\/schema.org\",\"@graph\":[{\"@type\":\"WebSite\",\"@id\":\"https:\/\/uzene.ba\/en\/#website\",\"url\":\"https:\/\/uzene.ba\/en\/\",\"name\":\"Ujedinjene \\u017eene\",\"description\":\"Oficijelna stranica udru\\u017eenja &quot;Ujedinjene \\u017eene&quot; Bosne i Hercegovine\",\"potentialAction\":[{\"@type\":\"SearchAction\",\"target\":\"https:\/\/uzene.ba\/en\/?s={search_term_string}\",\"query-input\":\"required name=search_term_string\"}],\"inLanguage\":\"en-GB\"},{\"@type\":\"WebPage\",\"@id\":\"https:\/\/uzene.ba\/medureligijski-koncert-djecjih-horova\/#webpage\",\"url\":\"https:\/\/uzene.ba\/medureligijski-koncert-djecjih-horova\/\",\"name\":\"Me\\u0111ureligijski koncert dje\\u010djih horova - Ujedinjene \\u017eene\",\"isPartOf\":{\"@id\":\"https:\/\/uzene.ba\/en\/#website\"},\"datePublished\":\"2019-12-13T10:20:31+00:00\",\"dateModified\":\"2020-06-13T17:29:14+00:00\",\"inLanguage\":\"en-GB\",\"potentialAction\":[{\"@type\":\"ReadAction\",\"target\":[\"https:\/\/uzene.ba\/medureligijski-koncert-djecjih-horova\/\"]}]}]}<\/script>\n<!-- \/ Yoast SEO plugin. -->","_links":{"self":[{"href":"https:\/\/uzene.ba\/en\/wp-json\/wp\/v2\/pages\/637"}],"collection":[{"href":"https:\/\/uzene.ba\/en\/wp-json\/wp\/v2\/pages"}],"about":[{"href":"https:\/\/uzene.ba\/en\/wp-json\/wp\/v2\/types\/page"}],"author":[{"embeddable":true,"href":"https:\/\/uzene.ba\/en\/wp-json\/wp\/v2\/users\/1"}],"replies":[{"embeddable":true,"href":"https:\/\/uzene.ba\/en\/wp-json\/wp\/v2\/comments?post=637"}],"version-history":[{"count":7,"href":"https:\/\/uzene.ba\/en\/wp-json\/wp\/v2\/pages\/637\/revisions"}],"predecessor-version":[{"id":1010,"href":"https:\/\/uzene.ba\/en\/wp-json\/wp\/v2\/pages\/637\/revisions\/1010"}],"wp:attachment":[{"href":"https:\/\/uzene.ba\/en\/wp-json\/wp\/v2\/media?parent=637"}],"curies":[{"name":"wp","href":"https:\/\/api.w.org\/{rel}","templated":true}]}}

Međureligijski koncert dječjih horova

<p>[et_pb_section fb_built=&#8221;1&#8221; _builder_version=&#8221;3.29.3&#8221; fb_built=&#8221;1&#8221; _i=&#8221;0&#8221; _address=&#8221;0&#8221;][et_pb_row _builder_version=&#8221;3.29.3&#8221; _i=&#8221;0&#8221; _address=&#8221;0.0&#8221;][et_pb_column type=&#8221;4_4&#8221; _builder_version=&#8221;3.29.3&#8221; _i=&#8221;0&#8221; _address=&#8221;0.0.0&#8221;][et_pb_text admin_label=&#8221;Text&#8221; _builder_version=&#8221;3.29.3&#8221; hover_enabled=&#8221;0&#8221; _i=&#8221;0&#8221; _address=&#8221;0.0.0.0&#8221;]</p>
<h1>Međureligijski koncert dječjih horova</h1>
<p>Veliko zadovoljstvo je bilo prisustvovati Međureligijskom koncertu dječjih horova u <strong>Centru za zdravo starenje Općina Centar</strong> koje je naše udruženje održalo <strong>14.12.2019.</strong> godine. Pokrenuti promjene, pokazati i potvrditi da nas različitosti obogaćuju, uživati u dječjim glasovima i prepustiti se pozitivnoj energiji bio je naš glavni cilj. I ovaj put smo naš cilj ostvarile.</p>
<p>&nbsp;</p>
<p>[/et_pb_text][et_pb_image src=&#8221;https://uzene.ba/wp-content/uploads/2019/12/0-02-05-f30a8ccf7d8ee2cf5eb93c442c82f2d46eea8ff622854b8af3bedc6956279335_207b9d21bf78d6.jpg&#8221; _builder_version=&#8221;3.29.3&#8221; _i=&#8221;1&#8221; _address=&#8221;0.0.0.1&#8221;][/et_pb_image][/et_pb_column][/et_pb_row][et_pb_row _builder_version=&#8221;3.29.3&#8221;][et_pb_column _builder_version=&#8221;3.29.3&#8221; type=&#8221;4_4&#8221;][et_pb_gallery _builder_version=&#8221;3.29.3&#8221; gallery_ids=&#8221;1008,1007,1006,1005,1004,1003,1002,1001,1000,999,998&#8221; show_title_and_caption=&#8221;off&#8221; show_pagination=&#8221;off&#8221; posts_number=&#8221;11&#8221; custom_padding=&#8221;||||false|false&#8221; hover_enabled=&#8221;0&#8221;][/et_pb_gallery][/et_pb_column][/et_pb_row][/et_pb_section]</p>

<p>[et_pb_section fb_built=&#8221;1&#8221; _builder_version=&#8221;3.29.3&#8221; fb_built=&#8221;1&#8221; _i=&#8221;0&#8221; _address=&#8221;0&#8221;][et_pb_row _builder_version=&#8221;3.29.3&#8221; _i=&#8221;0&#8221; _address=&#8221;0.0&#8221;][et_pb_column type=&#8221;4_4&#8221; _builder_version=&#8221;3.29.3&#8221; _i=&#8221;0&#8221; _address=&#8221;0.0.0&#8221;][et_pb_text admin_label=&#8221;Text&#8221; _builder_version=&#8221;3.29.3&#8221; hover_enabled=&#8221;0&#8221; _i=&#8221;0&#8221; _address=&#8221;0.0.0.0&#8221;] Međureligijski koncert dječjih horova Veliko zadovoljstvo je bilo prisustvovati Međureligijskom koncertu dječjih horova u Centru za zdravo starenje Općina Centar koje je naše udruženje održalo 14.12.2019. godine. Pokrenuti promjene, pokazati i potvrditi da nas različitosti obogaćuju, uživati [&hellip;]</p>

<!-- This site is optimized with the Yoast SEO plugin v14.8 - https://yoast.com/wordpress/plugins/seo/ -->
<title>Međureligijski koncert dječjih horova - Ujedinjene žene</title>
<meta name="robots" content="index, follow" />
<meta name="googlebot" content="index, follow, max-snippet:-1, max-image-preview:large, max-video-preview:-1" />
<meta name="bingbot" content="index, follow, max-snippet:-1, max-image-preview:large, max-video-preview:-1" />
<link rel="canonical" href="https://uzene.ba/en/medureligijski-koncert-djecjih-horova/" />
<meta property="og:locale" content="en_GB" />
<meta property="og:type" content="article" />
<meta property="og:title" content="Međureligijski koncert dječjih horova - Ujedinjene žene" />
<meta property="og:description" content="[et_pb_section fb_built=&#8221;1&#8221; _builder_version=&#8221;3.29.3&#8221; fb_built=&#8221;1&#8221; _i=&#8221;0&#8221; _address=&#8221;0&#8221;][et_pb_row _builder_version=&#8221;3.29.3&#8221; _i=&#8221;0&#8221; _address=&#8221;0.0&#8221;][et_pb_column type=&#8221;4_4&#8221; _builder_version=&#8221;3.29.3&#8221; _i=&#8221;0&#8221; _address=&#8221;0.0.0&#8221;][et_pb_text admin_label=&#8221;Text&#8221; _builder_version=&#8221;3.29.3&#8221; hover_enabled=&#8221;0&#8221; _i=&#8221;0&#8221; _address=&#8221;0.0.0.0&#8221;] Međureligijski koncert dječjih horova Veliko zadovoljstvo je bilo prisustvovati Međureligijskom koncertu dječjih horova u Centru za zdravo starenje Općina Centar koje je naše udruženje održalo 14.12.2019. godine. Pokrenuti promjene, pokazati i potvrditi da nas različitosti obogaćuju, uživati [&hellip;]" />
<meta property="og:url" content="https://uzene.ba/en/medureligijski-koncert-djecjih-horova/" />
<meta property="og:site_name" content="Ujedinjene žene" />
<meta property="article:publisher" content="https://www.facebook.com/ujedinjenezenebih/" />
<meta property="article:modified_time" content="2020-06-13T17:29:14+00:00" />
<script type="application/ld+json" class="yoast-schema-graph">{"@context":"https://schema.org","@graph":[{"@type":"WebSite","@id":"https://uzene.ba/en/#website","url":"https://uzene.ba/en/","name":"Ujedinjene \u017eene","description":"Oficijelna stranica udru\u017eenja &quot;Ujedinjene \u017eene&quot; Bosne i Hercegovine","potentialAction":[{"@type":"SearchAction","target":"https://uzene.ba/en/?s={search_term_string}","query-input":"required name=search_term_string"}],"inLanguage":"en-GB"},{"@type":"WebPage","@id":"https://uzene.ba/medureligijski-koncert-djecjih-horova/#webpage","url":"https://uzene.ba/medureligijski-koncert-djecjih-horova/","name":"Me\u0111ureligijski koncert dje\u010djih horova - Ujedinjene \u017eene","isPartOf":{"@id":"https://uzene.ba/en/#website"},"datePublished":"2019-12-13T10:20:31+00:00","dateModified":"2020-06-13T17:29:14+00:00","inLanguage":"en-GB","potentialAction":[{"@type":"ReadAction","target":["https://uzene.ba/medureligijski-koncert-djecjih-horova/"]}]}]}</script>
<!-- / Yoast SEO plugin. -->
